 -a*b - w = -58. What is the units digit of 4/(-14) + 74/b?
5
Suppose -o = -2*a + o + 44, 0 = -4*a + 2*o + 84. What is the tens digit of a?
2
Let z(u) be the third derivative of u**4/24 + u**3/3 + 3*u**2. Let v be z(0). Let g = 7 - v. What is the units digit of g?
5
Let w = -4 - -9. Let h = 8 - w. What is the units digit of h?
3
Suppose 0 = -2*i - 4*j + 20, i + 4*i - 55 = -5*j. Let h = 73 - 52. Let l = h - i. What is the units digit of l?
9
Let o be 1910/(-22) + (-2)/11. Let z = 123 + o. Suppose 2*p - z = -p. What is the tens digit of p?
1
Let h = 19 + -19. Suppose -j + f - 2*f = -23, h = -f - 2. What is the units digit of j?
5
Suppose -o + 2*q - 15 = -0*o, 0 = -3*o + 2*q - 57. Let u = -9 - o. What is the tens digit of u?
1
Suppose -2*z + 1 = 3*i, 5*z = -0*z - 20. Suppose 0*h - 1 = k + 5*h, 23 = 5*k - i*h. What is the units digit of k?
4
Let w(u) = 7 + 0*u**3 + 0 - 8*u**2 - u + 2*u**2 + u**3. Suppose -2*j + 24 = 4*c, 2*j - 5*c - 3 = -2*c. What is the units digit of w(j)?
1
Let u(f) = 6*f**2 + 1. Let m = 7 + -5. What is the tens digit of u(m)?
2
Let l(y) = 2*y - 1. What is the units digit of l(8)?
5
Suppose 33 = 3*h - 5*w, -3 = h + w + 2*w. Suppose -a = -h*a + 70. Suppose 0 = -3*m + 2*m + a. What is the units digit of m?
4
Let d(f) = -f**2 + 7*f - 4. Let h be d(6). Suppose h*w - 35 = -3*w. What is the units digit of w?
7
Let d be 3/(2 + 15/(-12)). Suppose -2*k + 2*n + 7 = -1, 0 = -d*k - 3*n + 44. Suppose -m = m - k. What is the units digit of m?
4
Suppose -3*x + 6 = -x. Suppose x*b - 64 + 16 = 0. What is the tens digit of b?
1
Let p be 1/3 + 38/(-6). Let m = p - -10. What is the units digit of m?
4
Let w = 11 - 5. Let k = -2 + w. What is the units digit of k?
4
Suppose -2*c + 0*c + 118 = 0. What is the tens digit of c?
5
Suppose 0 = 4*y - b - 67, 3*b + 6 = b. What is the tens digit of (-2)/8 + 180/y?
1
Let i(q) = -q**2 - 11*q + 5. Let z be i(-10). Suppose -b = -4*b + z. Suppose -4*g + b*g = 13. What is the tens digit of g?
1
Let k(m) = -m**2 + 7*m + 1. Let u be k(5). Let s(b) = b**3 - 9*b**2 + 8*b - 6. Let f be s(8). Let a = u - f. What is the units digit of a?
7
Let z(s) = -15*s + 2. Let f(t) = -15*t + 2. Let w(g) = -3*f(g) + 4*z(g). What is the units digit of w(-1)?
7
Suppose 3*t - q + 3 = -10, 3*q = 5*t + 19. Suppose -i - n - 3*n + 36 = 0, -52 = -3*i + 2*n. Let j = i + t. What is the units digit of j?
5
Let l(p) = -p + 13. Let m be l(9). What is the units digit of 6/4*m - -2?
8
Let q(c) be the first derivative of -2*c**2 + 6*c + 6. What is the tens digit of q(-8)?
3
Suppose -2 = v - 3*v. Let b = v - -14. What is the units digit of b?
5
Let q = 1 + -7. Let x = -3 - q. Suppose -w = -4 + x. What is the units digit of w?
1
Suppose 0 = -5*c + 91 + 9. What is the units digit of c?
0
What is the tens digit of ((-282)/4)/(4/((-64)/12))?
9
Let c(n) = n**2 - 2*n - 7. Let y(a) = -a**2 + a + 6. Let k(m) = -2*c(m) - 3*y(m). Let o be k(3). Let u = o - -2. What is the units digit of u?
0
Let t(f) = f - f + 1 + 0*f + f**2 - 2*f. What is the tens digit of t(-3)?
1
Let z(m) = -m**3 - 2*m**2 - 2*m - 1. Let c be z(-2). What is the units digit of (-1)/c*(7 - 34)?
9
Let k be -2*(0 + 2/4). Let x be (51/k)/(-3) + -1. Suppose 4*g = x + 12. What is the units digit of g?
7
Suppose -106 = -4*f - 2*b, -82 = -3*f + b - 10. Suppose h + 4*h = f. What is the units digit of h?
5
What is the units digit of 2/(2 - (-196)/(-100))?
0
Suppose 3*u + 5*a - 55 = 0, -5*u + 2*a = -27 - 106. What is the tens digit of u?
2
Let q be -1 - -5*2/2. Suppose q*l - 4*a - 44 = 0, 6*l = 3*l - 3*a + 15. What is the units digit of l?
8
Let k be 3/(3/(-115)) - 2. Let m = -69 - k. What is the units digit of 3/(-2)*m/(-18)?
4
Let x(b) be the third derivative of -b**4/8 - 4*b**3/3 - b**2. What is the units digit of x(-10)?
2
Let z = 137 - 14. What is the tens digit of z?
2
Let a be (-3 - 0)/((-3)/4). Suppose 6*j = -3*s + a*j + 19, s - 17 = 2*j. What is the units digit of s?
9
Suppose -p = -2*p. Suppose 3*l - 38 - 22 = -4*q, l + 2*q = 22. Suppose 0 = 2*m - 5*j + l - 55, p = 5*m + 2*j - 25. What is the units digit of m?
7
Let q(y) be the second derivative of y**4/8 - y**3/2 - y**2/2 - 4*y. Let o(p) be the first derivative of q(p). What is the units digit of o(6)?
5
Let s be -1 + (-2 - -1) + 6. What is the units digit of 27/(-2)*s/(-6)?
9
Let m = 5 + 0. Suppose m*g - 29 + 9 = 0. What is the units digit of g?
4
Let o = 19 + -12. What is the tens digit of 14/(-98) - (-393)/o?
5
Let t(a) = -a**3 - 3*a**2 + a - 2. Suppose 3*p = -p - 12. Let r be t(p). Let z = -1 - r. What is the units digit of z?
4
Suppose -4*h + h + 6 = 0. Suppose -3*z - 3*c = -276, h*c + 487 = 5*z - 2*c. Suppose k + z = 6*k. What is the units digit of k?
9
Let x(v) = -v**2 + 8*v + 11. Let k(d) = -d**2 - d + 9. Let m be -2 + 0/(-3) - -2. Let u be k(m). What is the units digit of x(u)?
2
Let i(f) = 2*f**2 - f - 1. Let t be i(-1). Suppose -5*y + 5 = 4*c, -3*c = t*c. What is the units digit of y?
1
Let i = 41 + 90. What is the tens digit of i?
3
What is the tens digit of ((-12)/(-10))/(9/420)?
5
Let t(x) = -3*x + 12. What is the tens digit of t(-12)?
4
Suppose 0*g + 21 = g. What is the units digit of g/15 + (-4)/10?
1
Let k(b) = b**2 + 14*b + 10. Let c be k(-10). Let s = -18 - c. What is the tens digit of s?
1
Suppose 772 + 488 = 5*k. What is the tens digit of k?
5
Let g = -14 - -16. Suppose -c = -n + 11, 0 = -g*n + n + 4*c + 20. What is the units digit of n?
8
Suppose -38 = 4*z + 3*r, -5*z - 2*r + 25 = 69. Suppose 4*m + 3*f = 3*m - 31, -m - 2*f - 32 = 0. What is the units digit of m/z - 5/20?
4
Suppose 4*u - 5*c = 524, -59 = 3*u - 4*c - 452. What is the units digit of u?
1
Suppose -f = -5 - 0, 5*c + 15 = 5*f. Suppose -5*p + 44 = -3*i, -2*p = 4*i - 4 + c. Let b = 22 - p. What is the tens digit of b?
1
Let c = 152 + 79. What is the units digit of c?
1
Suppose -19 = -4*b - b + r, -b - 5*r - 17 = 0. Suppose -3*i - 3*z - 9 = 0, -i + 4*z + 24 = i. Suppose i*o + 2 = b*o. What is the units digit of o?
2
Let f be 3*1 + 0 + 1. Let z(o) = o**3 + f + o**2 - 8*o**2 - 4*o - 2*o. What is the units digit of z(8)?
0
Let d = 3 - -2. What is the units digit of d?
5
Suppose 78 = 5*d + 223. Let u = -18 - d. What is the tens digit of u?
1
Suppose 0 = 5*f - 3*y + 8*y - 25, -7 = -5*f + 4*y. Suppose -3*z + 3*l + 33 = 0, f*z + 7*l = 2*l + 57. What is the tens digit of z?
1
Let k be (19 + 7)*(-1 + 2). Let j = 36 - k. What is the tens digit of j?
1
Let z(s) = 4*s - 3. Suppose 5*v - 6 = 4. What is the units digit of z(v)?
5
Suppose p - 38 - 34 = 0. Suppose 2*j - 3*j + 2*i = -16, -4*j = -4*i - p. What is the units digit of j?
0
Let n(q) be the second derivative of -q**4/24 + 4*q**3/3 + q**2 - 2*q. Let r(o) be the first derivative of n(o). What is the units digit of r(0)?
8
Let a be 2 + 1*(2 + -4). Suppose 3*m = -5*q + 2*m + 10, -2*m - 10 = a. What is the units digit of q?
3
Let u(k) = k**3 - 6*k**2 + 7*k + 7. What is the units digit of u(7)?
5
Let m = 10 + -14. What is the units digit of (-44)/(m - -3) - 2?
2
Suppose 54 = 5*r - 3*r. Suppose 57 = 3*p - r. What is the units digit of p?
8
Let v(c) = c**3 - 10*c**2 + 9*c + 1. Let t be v(9). Let z be t/((-3)/(-6)) - -2. Suppose z*u - 38 = -3*f, -3*f - 3*u = -0*f - 39. What is the units digit of f?
4
Suppose -4*f = -9*f + 15. Let z(b) = b**3 - 2*b**2 - 3*b + 3. Let y be z(f). Suppose -3*p = -6 - y. What is the units digit of p?
3
Suppose 2*p - 4*p - 2*f = -18, 2*p - 33 = -5*f. What is the units digit of p?
4
Let y = 66 + -19. What is the units digit of y?
7
Suppose 0 = -r - 13 - 15. Let n = -7 - r. What is the units digit of n?
1
Let w be (-10)/(-6) + 1/3. Let s = w - -1. Suppose -s*u - u = -8. What is the units digit of u?
2
Let n be 2/3*3 + 0. Suppose 4*y = n*y + 22. What is the units digit of y?
1
Let h = -328 - -485. What is the hundreds digit of h?
1
Let b(o) be the third derivative of o**5/20 - o**4/8 + o**3/2 - o**2. Let y = -19 - -21. What is the units digit of b(y)?
9
Suppose -2*y + 2 = -3*j, 3*y + 7 = -0*j + 2*j. Let t be 1286/10 - j/10. What is the units digit of t/27 + (-2)/(-9)?
5
Let c(x) be the third derivative of x**6/5 + x**5/60 + x**4/24 + x**3/6 + 3*x**2. Let g be c(-1). Let r = 38 + g. What is the tens digit of r?
1
Let r(x) = 2*x**2 + 14*x + 12. What is the units digit of r(-9)?
8
Let m = 133 - 79. Let